838772?
8
What is the units digit of 239122?
2
What is the units digit of 520963?
3
What is the tens digit of 4745732?
3
What is the tens digit of 151667?
6
What is the ten thousands digit of 7074984?
7
What is the ten millions digit of 14459742?
1
What is the ten millions digit of 12928706?
1
What is the thousands digit of 26183639?
3
What is the tens digit of 80194?
9
What is the units digit of 3050888?
8
What is the tens digit of 58172?
7
What is the units digit of 12573665?
5
What is the hundred thousands digit of 556873?
5
What is the thousands digit of 340526?
0
What is the hundreds digit of 267100?
1
What is the tens digit of 4763314?
1
What is the hundreds digit of 525725?
7
What is the thousands digit of 57781?
7
What is the thousands digit of 46358?
6
What is the hundred thousands digit of 1874246?
8
What is the thousands digit of 4594298?
4
What is the hundreds digit of 43566?
5
What is the hundred thousands digit of 784947?
7
What is the millions digit of 9640826?
9
What is the tens digit of 423403?
0
What is the hundred thousands digit of 111104?
1
What is the hundreds digit of 157608?
6
What is the thousands digit of 320510?
0
What is the ten thousands digit of 559053?
5
What is the hundred thousands digit of 6941695?
9
What is the ten thousands digit of 8906908?
0
What is the tens digit of 1462970?
7
What is the units digit of 4209896?
6
What is the ten thousands digit of 115472?
1
What is the thousands digit of 31447?
1
What is the hundreds digit of 3162858?
8
What is the tens digit of 705316?
1
What is the units digit of 72694?
4
What is the millions digit of 1691509?
1
What is the hundreds digit of 12862648?
6
What is the tens digit of 1501315?
1
What is the hundreds digit of 503224?
2
What is the hundred thousands digit of 220607?
2
What is the tens digit of 150661?
6
What is the millions digit of 2034475?
2
What is the units digit of 692997?
7
What is the hundreds digit of 1728022?
0
What is the hundreds digit of 33855674?
6
What is the hundred thousands digit of 10958349?
9
What is the thousands digit of 98664?
8
What is the hundred thousands digit of 745076?
7
What is the units digit of 39822029?
9
What is the hundred thousands digit of 1270748?
2
What is the thousands digit of 11666498?
6
What is the millions digit of 16791217?
6
What is the hundreds digit of 752521?
5
What is the hundred thousands digit of 1809006?
8
What is the thousands digit of 447460?
7
What is the hundreds digit of 15080458?
4
What is the hundreds digit of 11527198?
1
What is the tens digit of 1500897?
9
What is the ten thousands digit of 200458?
0
What is the thousands digit of 16126186?
6
What is the hundreds digit of 32816129?
1
What is the thousands digit of 1087182?
7
What is the ten thousands digit of 6841596?
4
What is the tens digit of 16389824?
2
What is the hundred thousands digit of 5013783?
0
What is the units digit of 829300?
0
What is the units digit of 183070?
0
What is the tens digit of 14041451?
5
What is the tens digit of 126008?
0
What is the ten thousands digit of 874939?
7
What is the ten thousands digit of 14352?
1
What is the thousands digit of 11534905?
4
What is the hundreds digit of 5692870?
8
What is the thousands digit of 29771791?
1
What is the thousands digit of 2683099?
3
What is the tens digit of 14088958?
5
What is the tens digit of 285509?
0
What is the thousands digit of 44301?
4
What is the ten thousands digit of 1410835?
1
What is the units digit of 729882?
2
What is the units digit of 23277214?
4
What is the units digit of 176846?
6
What is the ten thousands digit of 1866870?
6
What is the tens digit of 62901?
0
What is the tens digit of 1189331?
3
What is the hundred thousands digit of 3622679?
6
What is the hundreds digit of 19185232?
2
What is the hundred thousands digit of 1524603?
5
What is the units digit of 31787692?
2
What is the ten thousands digit of 4080422?
8
What is the ten thousands digit of 983868?
8
What is the units digit of 345132?
2
What is the units digit of 119948?
8
What is the millions digit of 13357689?
3
What is the hundred thousands digit of 4981059?
9
What is the thousands digit of 2386787?
6
What is the millions digit of 23505665?
3
What is the hundred thousands digit of 1528004?
5
What is the ten thousands digit of 187306?
8
What is the hundreds digit of 4556183?
1
What is the millions digit of 1330097?
1
What is the thousands digit of 6393127?
3
What is the hundreds digit of 5456430?
4
What is the thousands digit of 4437009?
7
What is the hundreds digit of 183706?
7
What is the tens digit of 67723?
2
What is the tens digit of 23145?
4
What is the ten thousands digit of 30036863?
3
What is the units digit of 5639294?
4
What is the units digit of 364717?
7
What is the hundred thousands digit of 2523830?
5
What is the units digit of 12804054?
4
What is the millions digit of 2126020?
2
What is the ten millions digit of 21417833?
2
What is the hundred thousands digit of 229969?
2
What is the units digit of 220299?
9
What is the hundreds digit of 33674?
6
What is the hundreds digit of 5890061?
0
What is the units digit of 35775?
5
What is the ten thousands digit of 2454845?
5
What is the hundreds digit of 2149519?
5
What is the ten thousands digit of 31286?
3
What is the hundreds digit of 25769172?
1
What is the hundred thousands digit of 21161327?
1
What is the hundreds digit of 8293639?
6
What is the tens digit of 198827?
2
What is the hundreds digit of 1930984?
9
What is the hundred thousands digit of 9814363?
8
What is the millions digit of 2111165?
2
What is the hundred thousands digit of 580344?
5
What is the hundred thousands digit of 128257?
1
What is the ten thousands digit of 2818920?
1
What is the ten thousands digit of 1589094?
8
What is the hundred thousands digit of 254796?
2
What is the ten thousands digit of 3595985?
9
What is the thousands digit of 148575?
8
What is the ten thousands digit of 244242?
4
What is the hundred thousands digit of 7063101?
0
What is the hundred thousands digit of 4287396?
2
What is the hundred thousands digit of 223689?
2
What is the thousands digit of 435151?
5
What is the tens digit of 477708?
0
What is the thousands digit of 551994?
1
What is the hundred thousands digit of 6910941?
9
What is the units digit of 1151132?
2
What is the hundreds digit of 2441112?
1
What is the hundred thousands digit of 7285005?
2
What is the hundred thousands digit of 537411?
5
What is the tens digit of 25783061?
6
What is the thousands digit of 8455227?
5
What is the units digit of 685545?
5
What is the tens digit of 3194561?
6
What is the thousands digit of 9558337?
8
What is the units digit of 13967?
7
What is the thousands digit of 2785648?
5
What is the units digit of 13402741?
1
What is the thousands digit of 389568?
9
What is the millions digit of 3614307?
3
What is the tens digit of 107732?
3
What is the ten thousands digit of 8928402?
2
What is the tens digit of 2195110?
1
What is the ten thousands digit of 271691?
7
What is the hundreds digit of 325116?
1
What is the thousands digit of 24537907?
7
What is the units digit of 1807426?
6
What is the ten thousands digit of 10482074?
8
What is the hundred thousands digit of 4967644?
9
What is the tens digit of 20145150?
5
What is the thousands digit of 2784536?
4
What is the millions digit of 2507622?
2
What is the ten millions digit of 11336486?
1
What is the hundreds digit of 1319328?
3
What is the thousands digit of 1436949?
6
What is the hundred thousands digit of 1040009?
0
What is the units digit of 9484104?
4
What is the ten millions digit of 19241049?
1
What is the units digit of 373638?
8
What is the ten millions digit of 14519353?
1
What is the hundreds digit of 539295?
2
What is the units digit of 1779321?
1
What is the ten thousands digit of 5429607?
2
What is the thousands digit of 101085?
1
What is the ten thousands digit of 150283?
5
What is the ten millions digit of 26799871?
2
What is the thousands digit of 1025928?
5
What is the units digit of 208258?
8
What is the ten thousands digit of 410195?
1
What is the units digit of 8681052?
2
What is the tens digit of 2773344?
4
What is the ten thousands digit of 11198771?
9
What is the tens digit of 15949074?
7
What is the units digit of 96